site?
False
Is 68837 a composite number?
True
Is 4443 composite?
True
Is 36629 a composite number?
False
Is 960373 prime?
True
Is 153697 a prime number?
False
Is 1020451 a composite number?
False
Is 236035 prime?
False
Is 7067 prime?
False
Is 57329 composite?
False
Is 2237 composite?
False
Is 558821 a composite number?
True
Is 1986787 composite?
True
Is 507289 a composite number?
False
Is 168851 composite?
False
Is 431437 a composite number?
True
Is 24595 composite?
True
Is 298733 a composite number?
False
Is 8678 a composite number?
True
Is 261453 composite?
True
Is 406766 prime?
False
Is 36199 a prime number?
False
Is 7993 prime?
True
Is 142629 composite?
True
Is 559729 composite?
True
Is 1608691 prime?
False
Is 414149 a composite number?
True
Is 1855667 composite?
True
Is 187 a prime number?
False
Is 480367 composite?
False
Is 73501 a composite number?
True
Is 5191 a prime number?
False
Is 9005 a composite number?
True
Is 66731 prime?
False
Is 160811 a prime number?
False
Is 364229 composite?
True
Is 8741 a composite number?
False
Is 835 a composite number?
True
Is 7363 prime?
False
Is 633 composite?
True
Is 191773 composite?
False
Is 683251 composite?
False
Is 145931 a prime number?
True
Is 29483 a composite number?
False
Is 1733 composite?
False
Is 143 composite?
True
Is 1691434 prime?
False
Is 2134273 prime?
True
Is 73121 prime?
True
Is 8098 a prime number?
False
Is 26459 prime?
True
Is 9151 a prime number?
True
Is 96053 composite?
False
Is 226749 composite?
True
Is 99679 a prime number?
True
Is 1811 prime?
True
Is 29201 prime?
True
Is 58361 composite?
True
Is 17767 a prime number?
False
Is 12197 a composite number?
False
Is 30614 a prime number?
False
Is 186829 a composite number?
True
Is 47819 prime?
True
Is 1561 composite?
True
Is 111547 a prime number?
False
Is 1498747 prime?
False
Is 33403 a composite number?
False
Is 92879 composite?
True
Is 43037 a prime number?
True
Is 1439 a composite number?
False
Is 31427 composite?
True
Is 68669 a composite number?
False
Is 239119 composite?
False
Is 9993 composite?
True
Is 3131 a prime number?
False
Is 4603 composite?
False
Is 69847 prime?
True
Is 3811 prime?
False
Is 12401 composite?
False
Is 39499 composite?
False
Is 3176579 a composite number?
True
Is 20201 prime?
True
Is 17077 a composite number?
False
Is 189339 composite?
True
Is 6667 prime?
False
Is 24041 a composite number?
True
Is 11549 a prime number?
True
Is 208037 prime?
True
Is 27121 a composite number?
True
Is 3265 prime?
False
Is 263629 composite?
True
Is 15395 a prime number?
False
Is 239981 a composite number?
True
Is 46133 a prime number?
True
Is 147821 a composite number?
True
Is 1329166 a prime number?
False
Is 109163 prime?
False
Is 307 a prime number?
True
Is 112741 a prime number?
True
Is 343927 a composite number?
True
Is 43311 composite?
True
Is 14521 prime?
False
Is 6913 a prime number?
False
Is 839 a composite number?
False
Is 173881 prime?
False
Is 9557 composite?
True
Is 510989 composite?
False
Is 6439 prime?
False
Is 64969 a composite number?
False
Is 44537 composite?
False
Is 127951 prime?
True
Is 596597 prime?
False
Is 15119 prime?
False
Is 217387 prime?
True
Is 1581166 a prime number?
False
Is 7901 prime?
True
Is 25301 composite?
False
Is 316847 composite?
False
Is 8497 composite?
True
Is 22409 prime?
True
Is 735682 composite?
True
Is 115999 a composite number?
True
Is 921 composite?
True
Is 23513 prime?
False
Is 38747 a composite number?
False
Is 26734 composite?
True
Is 70743 a prime number?
False
Is 46399 composite?
False
Is 126517 prime?
True
Is 1603009 a composite number?
False
Is 231503 a composite number?
False
Is 419417 composite?
False
Is 6686 composite?
True
Is 283633 prime?
False
Is 492883 composite?
False
Is 2905837 composite?
True
Is 1543 a composite number?
False
Is 391103 prime?
True
Is 6953 a composite number?
True
Is 20627 composite?
False
Is 3991 a prime number?
False
Is 5095 composite?
True
Is 21481 a composite number?
False
Is 16597 prime?
False
Is 1317 composite?
True
Is 326218 composite?
True
Is 19678 a composite number?
True
Is 2411 a prime number?
True
Is 16871 prime?
True
Is 1229561 prime?
True
Is 2559 a prime number?
False
Is 23461 a prime number?
False
Is 11545 a prime number?
False
Is 29053 a prime number?
False
Is 41045 a prime number?
False
Is 71861 a composite number?
False
Is 48446 composite?
True
Is 12893 a prime number?
True
Is 242939 a prime number?
False
Is 476285 prime?
False
Is 10529 prime?
True
Is 13589 prime?
False
Is 96071 prime?
False
Is 3263 a prime number?
False
Is 643018 composite?
True
Is 19367 prime?
False
Is 15217 composite?
False
Is 42377 prime?
False
Is 194581 prime?
True
Is 75703 prime?
True
Is 283369 a composite number?
False
Is 63331 a composite number?
False
Is 3037 a composite number?
False
Is 24319 prime?
False
Is 1104791 prime?
True
Is 1958117 a prime number?
False
Is 7435 a prime number?
False
Is 11027 composite?
False
Is 37217 prime?
True
Is 10223 a prime number?
True
Is 51031 composite?
False
Is 20467 a composite number?
True
Is 10063 prime?
False
Is 6421 a prime number?
True
Is 1209313 a prime number?
False
Is 28894 a prime number?
False
Is 831 a composite number?
True
Is 23761 a composite number?
False
Is 12517 composite?
False
Is 65497 a composite number?
False
Is 124427 a composite number?
False
Is 126089 a composite number?
True
Is 18301 composite?
False
Is 84415 a prime number?
False
Is 41191 a prime number?
False
Is 13849 a prime number?
False
Is 63277 a prime number?
True
Is 15311 a prime number?
False
Is 2819 composite?
False
Is 3967 prime?
True
Is 145311 composite?
True
Is 10401 a composite number?
True
Is 289801 prime?
False
Is 1563227 composite?
False
Is 2254007 prime?
False
Is 5591 a composite number?
False
Is 60209 a composite number?
False
Is 1428149 prime?
False
Is 37919 prime?
False
Is 683 a composite number?
False
Is 189281 composite?
True
Is 1783117 a prime number?
False
Is 502 a prime number?
False
Is 208279 prime?
True
Is 4889 composite?
False
Is 36817 a prime number?
False
Is 6079 a composite number?
False
Is 196843 a composite number?
True
Is 619169 prime?
True
Is 7919 composite?
False
Is 5401 prime?
False
Is 50533 a composite number?
True
Is 48731 composite?
False
Is 937 composite?
False
Is 7883 a composite number?
False
Is 330557 a composite number?
False
Is 40701 prime?
False
Is 23819 a prime number?
True
Is 1450819 composite?
False
Is 2357 a prime number?
True
Is 2923 prime?
False
Is 4783 prime?
True
Is 91121 a composite number?
False
Is 25733 composite?
False
Is 199249 prime?
False
Is 616129 composite?
False
Is 14171 prime?
False
Is 191171 prime?
False
Is 25867 a composite number?
False
Is 6241 a prime number?
False
Is 82201 prime?
False
Is 232489 prime?
False
Is 12979 a composite number?
False
Is 2999 prime?
True
Is 10711 prime?
True
Is 3081467 composite?
False
Is 3507877 prime?
True
Is 1951077 a composite number?
True
Is 114391 prime?
False
Is 609043 prime?
True
Is 575299 a prime number?
False
Is 15703 a prime number?
False
Is 679 prime?
False
Is 13523 a prime number?
True
Is 129209 composite?
False
Is 135773 a composite number?
True
Is 30587 composite?
True
Is 66587 a prime number?
True
Is 7773 a prime number?
False
Is 395461 a prime number?
False
Is 661073 prime?
False
Is 329691 prime?
False
Is 38261 a composite number?
False
Is 218783 a composite number?
False
Is 5181065 composite?
True
Is 17011 prime?
True
Is 53863 a prime number?
False
Is 40673 a composite number?
True
Is 3377 a prime number?
False
Is 495947 composite?
False
Is 9967 a prime number?
True
Is 77305 a prime number?
False
Is 52637 prime?
False
Is 73534 composite?
True
Is 102059 prime?
True
Is 4727 prime?
False
Is 167137 prime?
False
Is 7283 composite?
False
Is 338959 a composite number?
False
Is 5881117 a prime number?
False
Is 66754 composite?
True
Is 377393 a composite number?
False
Is 98939 a prime number?
True
Is 440833 prime?
False
Is 76177 prime?
False
Is 321289 a composite number?
False
Is 19661 a prime number?
True
Is 9406 a composite number?
True
Is 8431 a prime number?
True
Is 120563 a prime number?
True
Is 85691 prime?
True
Is 21823 composite?
True
Is 673 a composite number?
False
Is 7993 composite?
False
Is 199649 prime?
False
Is 1757 a p